{"id":38,"date":"2020-05-04T19:43:21","date_gmt":"2020-05-04T19:43:21","guid":{"rendered":"http:\/\/www.imapro.cz\/?page_id=38"},"modified":"2026-03-12T07:31:36","modified_gmt":"2026-03-12T07:31:36","slug":"kontakt","status":"publish","type":"page","link":"https:\/\/www.imapro.cz\/?page_id=38","title":{"rendered":"KONTAKT"},"content":{"rendered":"\r\n<p><img loading=\"lazy\" decoding=\"async\" class=\"alignnone wp-image-141 size-full\" src=\"https:\/\/www.imapro.cz\/wp-content\/uploads\/2020\/05\/97980264_126731982342707_7041508580104601600_n.jpg\" alt=\"\" width=\"960\" height=\"541\" srcset=\"https:\/\/www.imapro.cz\/wp-content\/uploads\/2020\/05\/97980264_126731982342707_7041508580104601600_n.jpg 960w, https:\/\/www.imapro.cz\/wp-content\/uploads\/2020\/05\/97980264_126731982342707_7041508580104601600_n-300x169.jpg 300w, https:\/\/www.imapro.cz\/wp-content\/uploads\/2020\/05\/97980264_126731982342707_7041508580104601600_n-768x433.jpg 768w\" sizes=\"auto, (max-width: 960px) 100vw, 960px\" \/><\/p>\r\n<p><strong>IMAPRO s.r.o.<\/strong><br \/>n\u00e1m\u011bst\u00ed Dr. To\u0161ovsk\u00e9ho 12<br \/>539 44 Prose\u010d<br \/>I\u010cO: 08907285<br \/>DI\u010c: CZ08907285<br \/>spisov\u00e1 zna\u010dka C 45316 veden\u00e1 u Krajsk\u00e9ho soudu v Hradci Kr\u00e1lov\u00e9<\/p>\r\n\r\n\r\n\r\n<p>Jednatel: Petr Mach\u00e1\u010dek<br \/>telefon: 604 764 495<br \/>e-mail: obchod@imapro.cz<\/p>\r\n\r\n\r\n\r\n<p>Datov\u00e1 schr\u00e1nka: hvcpy7f<\/p>\r\n<p>www.facebook.com\/imacek12<\/p>\r\n<p><img loading=\"lazy\" decoding=\"async\" class=\"alignnone wp-image-206 size-large\" src=\"https:\/\/www.imapro.cz\/wp-content\/uploads\/2020\/06\/kontakt_kde_nas_nejdete-1024x704.jpg\" alt=\"\" width=\"800\" height=\"550\" srcset=\"https:\/\/www.imapro.cz\/wp-content\/uploads\/2020\/06\/kontakt_kde_nas_nejdete-1024x704.jpg 1024w, https:\/\/www.imapro.cz\/wp-content\/uploads\/2020\/06\/kontakt_kde_nas_nejdete-300x206.jpg 300w, https:\/\/www.imapro.cz\/wp-content\/uploads\/2020\/06\/kontakt_kde_nas_nejdete-768x528.jpg 768w, https:\/\/www.imapro.cz\/wp-content\/uploads\/2020\/06\/kontakt_kde_nas_nejdete-1536x1056.jpg 1536w, https:\/\/www.imapro.cz\/wp-content\/uploads\/2020\/06\/kontakt_kde_nas_nejdete.jpg 1569w\" sizes=\"auto, (max-width: 800px) 100vw, 800px\" \/><\/p>\r\n<p><strong>Kde n\u00e1s najdete:<\/strong><\/p>\r\n<p><iframe loading=\"lazy\" style=\"border: none;\" src=\"https:\/\/frame.mapy.cz\/s\/rodobokeso\" width=\"500\" height=\"333\" frameborder=\"0\"><\/iframe><\/p>\r\n<p>&nbsp;<\/p>\r\n<p><strong>\u010cOI (ADR-mimosoudn\u00ed \u0159e\u0161en\u00ed spor\u016f)<\/strong><\/p>\r\n<div class=\"x78zum5 xh8yej3\" role=\"none\">\r\n<div class=\"html-div xdj266r x14z9mp xat24cr x1lziwak xexx8yu xyri2b x18d9i69 x1c1uobl x6ikm8r x10wlt62 x16it46q xh8yej3\">\r\n<div class=\"html-div xdj266r x14z9mp xat24cr x1lziwak x14ctfv x6ikm8r x10wlt62 xerhiuh x1pn3fxy x10zy8in xm9bcq3 x1n2onr6 x1vjfegm x1k4qllp x1mzt3pk x13faqbe x9f619 x16it46q xh8yej3 x1xr0vuk x1jm4cbz x114wg8e xrrpcnn x14rx4xb x13fuv20 x18b5jzi x1q0q8m5 x1t7ytsu x19livfd x1h2krnu x3p3xfz xet2kk3 xaymx6s x1lu5o8o x16uus16 xbiv7yw\" role=\"presentation\">\r\n<div class=\"html-div xexx8yu xyri2b x18d9i69 x1c1uobl x1gslohp x14z9mp x12nagc x1lziwak x1yc453h x126k92a x18lvrbx\" dir=\"auto\">V p\u0159\u00edpad\u011b, \u017ee dojde mezi n\u00e1mi a spot\u0159ebitelem ke vzniku spot\u0159ebitelsk\u00e9ho sporu z kupn\u00ed smlouvy nebo ze smlouvy o poskytov\u00e1n\u00ed slu\u017eeb, kter\u00fd se nepoda\u0159\u00ed vy\u0159e\u0161it vz\u00e1jemnou dohodou, m\u016f\u017ee spot\u0159ebitel podat n\u00e1vrh na mimosoudn\u00ed \u0159e\u0161en\u00ed takov\u00e9ho sporu ur\u010den\u00e9mu subjektu mimosoudn\u00edho \u0159e\u0161en\u00ed spot\u0159ebitelsk\u00fdch spor\u016f, kter\u00fdm je \u010cesk\u00e1 obchodn\u00ed inspekce \u00dast\u0159edn\u00ed inspektor\u00e1t \u2013 odd\u011blen\u00ed ADR Gorazdova 1969\/24 120 00 Praha 2<\/div>\r\n<div dir=\"auto\">\u00a0<\/div>\r\n<div class=\"html-div xexx8yu xyri2b x18d9i69 x1c1uobl x1gslohp x14z9mp x12nagc x1lziwak x1yc453h x126k92a x18lvrbx\" dir=\"auto\">E-mail: <a href=\"mailto:adr@coi.gov.cz\">adr@coi.gov.cz<\/a><\/div>\r\n<div class=\"html-div xexx8yu xyri2b x18d9i69 x1c1uobl x1gslohp x14z9mp x12nagc x1lziwak x1yc453h x126k92a x18lvrbx\" dir=\"auto\">Web: <span role=\"gridcell\"><a class=\"x1i10hfl xjbqb8w x1ejq31n x18oe1m7 x1sy0etr xstzfhl x972fbf x10w94by x1qhh985 x14e42zd x9f619 x1ypdohk xt0psk2 x3ct3a4 xdj266r x14z9mp xat24cr x1lziwak xexx8yu xyri2b x18d9i69 x1c1uobl x16tdsg8 xggy1nq x1a2a7pz x1s688f x1heor9g x1bvjpef xujl8zx\" tabindex=\"-1\" role=\"link\" href=\"http:\/\/coi.gov.cz\/informace-o-adr\/\" target=\"_blank\" rel=\"noreferrer noopener nofollow\">coi.gov.cz\/informace-o-adr\/<\/a><\/span><\/div>\r\n<\/div>\r\n<\/div>\r\n<\/div>","protected":false},"excerpt":{"rendered":"<p>IMAPRO s.r.o.n\u00e1m\u011bst\u00ed Dr. To\u0161ovsk\u00e9ho 12539 44 Prose\u010dI\u010cO: 08907285DI\u010c: CZ08907285spisov\u00e1 zna\u010dka C 45316 veden\u00e1 u Krajsk\u00e9ho soudu v Hradci Kr\u00e1lov\u00e9 Jednatel: Petr Mach\u00e1\u010dektelefon: 604 764 495e-mail: obchod@imapro.cz Datov\u00e1 schr\u00e1nka: hvcpy7f www.facebook.com\/imacek12 Kde n\u00e1s najdete: &nbsp; \u010cOI (ADR-mimosoudn\u00ed \u0159e\u0161en\u00ed spor\u016f) V p\u0159\u00edpad\u011b, \u017ee dojde mezi n\u00e1mi a spot\u0159ebitelem ke vzniku spot\u0159ebitelsk\u00e9ho sporu z kupn\u00ed smlouvy nebo ze [&hellip;]<\/p>\n","protected":false},"author":1,"featured_media":0,"parent":0,"menu_order":0,"comment_status":"closed","ping_status":"closed","template":"","meta":{"footnotes":""},"class_list":["post-38","page","type-page","status-publish","hentry"],"_links":{"self":[{"href":"https:\/\/www.imapro.cz\/index.php?rest_route=\/wp\/v2\/pages\/38","targetHints":{"allow":["GET"]}}],"collection":[{"href":"https:\/\/www.imapro.cz\/index.php?rest_route=\/wp\/v2\/pages"}],"about":[{"href":"https:\/\/www.imapro.cz\/index.php?rest_route=\/wp\/v2\/types\/page"}],"author":[{"embeddable":true,"href":"https:\/\/www.imapro.cz\/index.php?rest_route=\/wp\/v2\/users\/1"}],"replies":[{"embeddable":true,"href":"https:\/\/www.imapro.cz\/index.php?rest_route=%2Fwp%2Fv2%2Fcomments&post=38"}],"version-history":[{"count":12,"href":"https:\/\/www.imapro.cz\/index.php?rest_route=\/wp\/v2\/pages\/38\/revisions"}],"predecessor-version":[{"id":262,"href":"https:\/\/www.imapro.cz\/index.php?rest_route=\/wp\/v2\/pages\/38\/revisions\/262"}],"wp:attachment":[{"href":"https:\/\/www.imapro.cz\/index.php?rest_route=%2Fwp%2Fv2%2Fmedia&parent=38"}],"curies":[{"name":"wp","href":"https:\/\/api.w.org\/{rel}","templated":true}]}}

<p><img loading="lazy" decoding="async" class="alignnone wp-image-141 size-full" src="https://www.imapro.cz/wp-content/uploads/2020/05/97980264_126731982342707_7041508580104601600_n.jpg" alt="" width="960" height="541" srcset="https://www.imapro.cz/wp-content/uploads/2020/05/97980264_126731982342707_7041508580104601600_n.jpg 960w, https://www.imapro.cz/wp-content/uploads/2020/05/97980264_126731982342707_7041508580104601600_n-300x169.jpg 300w, https://www.imapro.cz/wp-content/uploads/2020/05/97980264_126731982342707_7041508580104601600_n-768x433.jpg 768w" sizes="auto, (max-width: 960px) 100vw, 960px" /></p>
<p><strong>IMAPRO s.r.o.</strong><br />náměstí Dr. Tošovského 12<br />539 44 Proseč<br />IČO: 08907285<br />DIČ: CZ08907285<br />spisová značka C 45316 vedená u Krajského soudu v Hradci Králové</p>



<p>Jednatel: Petr Macháček<br />telefon: 604 764 495<br />e-mail: obchod@imapro.cz</p>



<p>Datová schránka: hvcpy7f</p>
<p>www.facebook.com/imacek12</p>
<p><img loading="lazy" decoding="async" class="alignnone wp-image-206 size-large" src="https://www.imapro.cz/wp-content/uploads/2020/06/kontakt_kde_nas_nejdete-1024x704.jpg" alt="" width="800" height="550" srcset="https://www.imapro.cz/wp-content/uploads/2020/06/kontakt_kde_nas_nejdete-1024x704.jpg 1024w, https://www.imapro.cz/wp-content/uploads/2020/06/kontakt_kde_nas_nejdete-300x206.jpg 300w, https://www.imapro.cz/wp-content/uploads/2020/06/kontakt_kde_nas_nejdete-768x528.jpg 768w, https://www.imapro.cz/wp-content/uploads/2020/06/kontakt_kde_nas_nejdete-1536x1056.jpg 1536w, https://www.imapro.cz/wp-content/uploads/2020/06/kontakt_kde_nas_nejdete.jpg 1569w" sizes="auto, (max-width: 800px) 100vw, 800px" /></p>
<p><strong>Kde nás najdete:</strong></p>
<p><iframe loading="lazy" style="border: none;" src="https://frame.mapy.cz/s/rodobokeso" width="500" height="333" frameborder="0"></iframe></p>
<p>&nbsp;</p>
<p><strong>ČOI (ADR-mimosoudní řešení sporů)</strong></p>
<div class="x78zum5 xh8yej3" role="none">
<div class="html-div xdj266r x14z9mp xat24cr x1lziwak xexx8yu xyri2b x18d9i69 x1c1uobl x6ikm8r x10wlt62 x16it46q xh8yej3">
<div class="html-div xdj266r x14z9mp xat24cr x1lziwak x14ctfv x6ikm8r x10wlt62 xerhiuh x1pn3fxy x10zy8in xm9bcq3 x1n2onr6 x1vjfegm x1k4qllp x1mzt3pk x13faqbe x9f619 x16it46q xh8yej3 x1xr0vuk x1jm4cbz x114wg8e xrrpcnn x14rx4xb x13fuv20 x18b5jzi x1q0q8m5 x1t7ytsu x19livfd x1h2krnu x3p3xfz xet2kk3 xaymx6s x1lu5o8o x16uus16 xbiv7yw" role="presentation">
<div class="html-div xexx8yu xyri2b x18d9i69 x1c1uobl x1gslohp x14z9mp x12nagc x1lziwak x1yc453h x126k92a x18lvrbx" dir="auto">V případě, že dojde mezi námi a spotřebitelem ke vzniku spotřebitelského sporu z kupní smlouvy nebo ze smlouvy o poskytování služeb, který se nepodaří vyřešit vzájemnou dohodou, může spotřebitel podat návrh na mimosoudní řešení takového sporu určenému subjektu mimosoudního řešení spotřebitelských sporů, kterým je Česká obchodní inspekce Ústřední inspektorát – oddělení ADR Gorazdova 1969/24 120 00 Praha 2</div>
<div dir="auto"> </div>
<div class="html-div xexx8yu xyri2b x18d9i69 x1c1uobl x1gslohp x14z9mp x12nagc x1lziwak x1yc453h x126k92a x18lvrbx" dir="auto">E-mail: <a href="mailto:adr@coi.gov.cz">adr@coi.gov.cz</a></div>
<div class="html-div xexx8yu xyri2b x18d9i69 x1c1uobl x1gslohp x14z9mp x12nagc x1lziwak x1yc453h x126k92a x18lvrbx" dir="auto">Web: <span role="gridcell"><a class="x1i10hfl xjbqb8w x1ejq31n x18oe1m7 x1sy0etr xstzfhl x972fbf x10w94by x1qhh985 x14e42zd x9f619 x1ypdohk xt0psk2 x3ct3a4 xdj266r x14z9mp xat24cr x1lziwak xexx8yu xyri2b x18d9i69 x1c1uobl x16tdsg8 xggy1nq x1a2a7pz x1s688f x1heor9g x1bvjpef xujl8zx" tabindex="-1" role="link" href="http://coi.gov.cz/informace-o-adr/" target="_blank" rel="noreferrer noopener nofollow">coi.gov.cz/informace-o-adr/</a></span></div>
</div>
</div>
</div>

<p>IMAPRO s.r.o.náměstí Dr. Tošovského 12539 44 ProsečIČO: 08907285DIČ: CZ08907285spisová značka C 45316 vedená u Krajského soudu v Hradci Králové Jednatel: Petr Macháčektelefon: 604 764 495e-mail: obchod@imapro.cz Datová schránka: hvcpy7f www.facebook.com/imacek12 Kde nás najdete: &nbsp; ČOI (ADR-mimosoudní řešení sporů) V případě, že dojde mezi námi a spotřebitelem ke vzniku spotřebitelského sporu z kupní smlouvy nebo ze [&hellip;]</p>
