{"id":23,"date":"2020-05-04T19:41:07","date_gmt":"2020-05-04T19:41:07","guid":{"rendered":"http:\/\/www.imapro.cz\/?page_id=23"},"modified":"2020-05-04T21:22:39","modified_gmt":"2020-05-04T21:22:39","slug":"instalaterstvi","status":"publish","type":"page","link":"https:\/\/www.imapro.cz\/?page_id=23","title":{"rendered":"INSTALAT\u00c9RSTV\u00cd"},"content":{"rendered":"<p><strong>Voda:<\/strong><\/p>\n<ul>\n<li>PPR potrub\u00ed a tvarovky\u00a0 (<a href=\"https:\/\/www.wavin.com\/cs-cz\/\">https:\/\/www.wavin.com\/cs-cz\/<\/a>)<\/li>\n<li>PE potrub\u00ed a tvarovky (<a href=\"http:\/\/www.lunaplast.cz\/\">http:\/\/www.lunaplast.cz\/<\/a>)<\/li>\n<li>PP-S tvarovky +GF<\/li>\n<\/ul>\n<p><strong>Kanalizace:<\/strong><\/p>\n<ul>\n<li>Venkovn\u00ed kanalizace KG (OSMA, Pe\u0161tan)<\/li>\n<li>Vnit\u0159n\u00ed kanalizace HT (OSMA)<\/li>\n<\/ul>\n<p><strong>Topen\u00ed:<\/strong><\/p>\n<ul>\n<li>CU trubky<\/li>\n<li>CU p\u00e1jec\u00ed tvarovky<\/li>\n<li>CU lisovac\u00ed tvarovky<\/li>\n<li>Otopn\u00e1 t\u011blesa deskov\u00e1 (<a href=\"https:\/\/www.korado.cz\/\">https:\/\/www.korado.cz\/<\/a>)<\/li>\n<li>Kotle na tuh\u00e1 paliva \u2013 OPOP, VIADRUS, ATMOS, DAKON<\/li>\n<li>Expanzn\u00ed n\u00e1doby \u2013 FLAMCO, REFLEX<\/li>\n<li>Podlahov\u00e9 topen\u00ed \u2013 ZEWOTHERM, GIACOMINI<\/li>\n<\/ul>\n<p><strong>Plyn:<\/strong><\/p>\n<ul>\n<li>Kotel kondenza\u010dn\u00ed plynov\u00fd \u2013 WOLF, BROTJE, PROTHERM, BAXI<\/li>\n<\/ul>\n<p><strong>Elektroinstala\u010dn\u00ed materi\u00e1l:<\/strong><\/p>\n<ul>\n<li>Domovn\u00ed sp\u00edna\u010de a z\u00e1suvky<\/li>\n<li>Kabely, vodi\u010de<\/li>\n<li>Plastov\u00e9 li\u0161ty<\/li>\n<li>Prodlu\u017eky, bubny, z\u00e1suvky adapt\u00e9ry<\/li>\n<li>Sp\u00ednac\u00ed a jist\u00edc\u00ed p\u0159\u00edstroje<\/li>\n<li>Baterie, \u017e\u00e1rovky a mnoh\u00e9 dal\u0161\u00ed\u2026<\/li>\n<\/ul>\n","protected":false},"excerpt":{"rendered":"<p>Voda: PPR potrub\u00ed a tvarovky\u00a0 (https:\/\/www.wavin.com\/cs-cz\/) PE potrub\u00ed a tvarovky (http:\/\/www.lunaplast.cz\/) PP-S tvarovky +GF Kanalizace: Venkovn\u00ed kanalizace KG (OSMA, Pe\u0161tan) Vnit\u0159n\u00ed kanalizace HT (OSMA) Topen\u00ed: CU trubky CU p\u00e1jec\u00ed tvarovky CU lisovac\u00ed tvarovky Otopn\u00e1 t\u011blesa deskov\u00e1 (https:\/\/www.korado.cz\/) Kotle na tuh\u00e1 paliva \u2013 OPOP, VIADRUS, ATMOS, DAKON Expanzn\u00ed n\u00e1doby \u2013 FLAMCO, REFLEX Podlahov\u00e9 topen\u00ed \u2013 ZEWOTHERM, [&hellip;]<\/p>\n","protected":false},"author":1,"featured_media":0,"parent":0,"menu_order":0,"comment_status":"closed","ping_status":"closed","template":"","meta":{"footnotes":""},"class_list":["post-23","page","type-page","status-publish","hentry"],"_links":{"self":[{"href":"https:\/\/www.imapro.cz\/index.php?rest_route=\/wp\/v2\/pages\/23","targetHints":{"allow":["GET"]}}],"collection":[{"href":"https:\/\/www.imapro.cz\/index.php?rest_route=\/wp\/v2\/pages"}],"about":[{"href":"https:\/\/www.imapro.cz\/index.php?rest_route=\/wp\/v2\/types\/page"}],"author":[{"embeddable":true,"href":"https:\/\/www.imapro.cz\/index.php?rest_route=\/wp\/v2\/users\/1"}],"replies":[{"embeddable":true,"href":"https:\/\/www.imapro.cz\/index.php?rest_route=%2Fwp%2Fv2%2Fcomments&post=23"}],"version-history":[{"count":4,"href":"https:\/\/www.imapro.cz\/index.php?rest_route=\/wp\/v2\/pages\/23\/revisions"}],"predecessor-version":[{"id":91,"href":"https:\/\/www.imapro.cz\/index.php?rest_route=\/wp\/v2\/pages\/23\/revisions\/91"}],"wp:attachment":[{"href":"https:\/\/www.imapro.cz\/index.php?rest_route=%2Fwp%2Fv2%2Fmedia&parent=23"}],"curies":[{"name":"wp","href":"https:\/\/api.w.org\/{rel}","templated":true}]}}