{"id":21,"date":"2020-05-04T19:41:07","date_gmt":"2020-05-04T19:41:07","guid":{"rendered":"http:\/\/www.imapro.cz\/?page_id=21"},"modified":"2020-05-04T20:25:42","modified_gmt":"2020-05-04T20:25:42","slug":"koupelny","status":"publish","type":"page","link":"https:\/\/www.imapro.cz\/?page_id=21","title":{"rendered":"KOUPELNY"},"content":{"rendered":"<p><strong>Vodovodn\u00ed baterie:<\/strong><\/p>\n<ul>\n<li>od firmy NOVASERVIS (<a href=\"https:\/\/www.novaservis.cz\/vodovodni-baterie\/\">https:\/\/www.novaservis.cz\/vodovodni-baterie\/<\/a>)\n<ul>\n<li>S\u00e9rie IRIS NEW skladem<\/li>\n<li>Ostatn\u00ed s\u00e9rie na objedn\u00e1n\u00ed cca do 1 t\u00fddne<\/li>\n<\/ul>\n<\/li>\n<li>od fimry JB SANITARY (<a href=\"https:\/\/www.jbsanitary.cz\">https:\/\/www.jbsanitary.cz<\/a>)\n<ul>\n<li>S\u00e9rie SLIM skladem<\/li>\n<li>S\u00e9rie DOKA skladem<\/li>\n<li>Ostatn\u00ed s\u00e9rie na objedn\u00e1n\u00ed<\/li>\n<\/ul>\n<\/li>\n<\/ul>\n<p><strong>Sanit\u00e1rn\u00ed keramika:<\/strong><\/p>\n<ul>\n<li>JIKA (<a href=\"http:\/\/www.jika.cz\">http:\/\/www.jika.cz<\/a>)<\/li>\n<li>KOLO (<a href=\"https:\/\/www.kolo-geberit.cz\">https:\/\/www.kolo-geberit.cz<\/a>)<\/li>\n<li>GEBERIT (<a href=\"https:\/\/www.geberit.cz\/cs\/\">https:\/\/www.geberit.cz\/cs\/<\/a>)<\/li>\n<\/ul>\n<p><strong>Sprchov\u00e9 kouty a vani\u010dky: \u00a0\u00a0\u00a0\u00a0<\/strong><\/p>\n<ul>\n<li>RAVAK (<a href=\"https:\/\/www.ravak.cz\/\">https:\/\/www.ravak.cz\/<\/a>)<\/li>\n<li>SANSWISS (<a href=\"https:\/\/www.sanswiss.cz\/\">https:\/\/www.sanswiss.cz\/<\/a>)<\/li>\n<li>ROTH (<a href=\"https:\/\/www.roth-czech.cz\/\">https:\/\/www.roth-czech.cz\/<\/a>)<\/li>\n<li>GELCO (<a href=\"https:\/\/www.gelcocz.eu\/\">https:\/\/www.gelcocz.eu\/<\/a>)<\/li>\n<\/ul>\n<p><strong>Vany akryl\u00e1tov\u00e9 a plechov\u00e9:<\/strong><\/p>\n<ul>\n<li>RAVAK (<a href=\"https:\/\/www.ravak.cz\/\">https:\/\/www.ravak.cz\/<\/a>)<\/li>\n<li>JIKA (<a href=\"http:\/\/www.jika.cz\">http:\/\/www.jika.cz<\/a>)<\/li>\n<li>KOLO (<a href=\"https:\/\/www.kolo-geberit.cz\">https:\/\/www.kolo-geberit.cz<\/a>)<\/li>\n<li>TEIKO (<a href=\"http:\/\/www.teiko.cz\/cs\/\">http:\/\/www.teiko.cz\/cs\/<\/a>)<\/li>\n<\/ul>\n<p><strong>Oh\u0159\u00edva\u010de vody:<\/strong><\/p>\n<ul>\n<li>DRA\u017dICE (<a href=\"https:\/\/www.dzd.cz\/\">https:\/\/www.dzd.cz\/<\/a>)<\/li>\n<li>TATRAMAT (<a href=\"https:\/\/www.tatramat.com\/cz\">https:\/\/www.tatramat.com\/cz<\/a>)<\/li>\n<li>MORA (<a href=\"https:\/\/www.mora.cz\/\">https:\/\/www.mora.cz\/<\/a>)<\/li>\n<\/ul>\n<p><strong><em>+ komplet sortiment \u2013 SIKO Koupleny, Pt\u00e1\u010dek Koupelny, RF Koupelny<\/em><\/strong><\/p>\n","protected":false},"excerpt":{"rendered":"<p>Vodovodn\u00ed baterie: od firmy NOVASERVIS (https:\/\/www.novaservis.cz\/vodovodni-baterie\/) S\u00e9rie IRIS NEW skladem Ostatn\u00ed s\u00e9rie na objedn\u00e1n\u00ed cca do 1 t\u00fddne od fimry JB SANITARY (https:\/\/www.jbsanitary.cz) S\u00e9rie SLIM skladem S\u00e9rie DOKA skladem Ostatn\u00ed s\u00e9rie na objedn\u00e1n\u00ed Sanit\u00e1rn\u00ed keramika: JIKA (http:\/\/www.jika.cz) KOLO (https:\/\/www.kolo-geberit.cz) GEBERIT (https:\/\/www.geberit.cz\/cs\/) Sprchov\u00e9 kouty a vani\u010dky: \u00a0\u00a0\u00a0\u00a0 RAVAK (https:\/\/www.ravak.cz\/) SANSWISS (https:\/\/www.sanswiss.cz\/) ROTH (https:\/\/www.roth-czech.cz\/) GELCO (https:\/\/www.gelcocz.eu\/) Vany [&hellip;]<\/p>\n","protected":false},"author":1,"featured_media":0,"parent":0,"menu_order":0,"comment_status":"closed","ping_status":"closed","template":"","meta":{"footnotes":""},"class_list":["post-21","page","type-page","status-publish","hentry"],"_links":{"self":[{"href":"https:\/\/www.imapro.cz\/index.php?rest_route=\/wp\/v2\/pages\/21","targetHints":{"allow":["GET"]}}],"collection":[{"href":"https:\/\/www.imapro.cz\/index.php?rest_route=\/wp\/v2\/pages"}],"about":[{"href":"https:\/\/www.imapro.cz\/index.php?rest_route=\/wp\/v2\/types\/page"}],"author":[{"embeddable":true,"href":"https:\/\/www.imapro.cz\/index.php?rest_route=\/wp\/v2\/users\/1"}],"replies":[{"embeddable":true,"href":"https:\/\/www.imapro.cz\/index.php?rest_route=%2Fwp%2Fv2%2Fcomments&post=21"}],"version-history":[{"count":3,"href":"https:\/\/www.imapro.cz\/index.php?rest_route=\/wp\/v2\/pages\/21\/revisions"}],"predecessor-version":[{"id":66,"href":"https:\/\/www.imapro.cz\/index.php?rest_route=\/wp\/v2\/pages\/21\/revisions\/66"}],"wp:attachment":[{"href":"https:\/\/www.imapro.cz\/index.php?rest_route=%2Fwp%2Fv2%2Fmedia&parent=21"}],"curies":[{"name":"wp","href":"https:\/\/api.w.org\/{rel}","templated":true}]}}